st common factor of 304 and 288?
16
What is the greatest common divisor of 6 and 114?
6
Calculate the greatest common divisor of 96 and 15456.
96
What is the greatest common factor of 817 and 86?
43
What is the highest common divisor of 150 and 60?
30
Calculate the highest common divisor of 3 and 3.
3
What is the greatest common factor of 108 and 876?
12
Calculate the greatest common factor of 1980 and 60.
60
Calculate the highest common factor of 47 and 94.
47
What is the greatest common divisor of 1 and 173?
1
What is the greatest common factor of 132 and 1287?
33
Calculate the highest common factor of 567 and 14.
7
What is the highest common divisor of 70 and 19530?
70
Calculate the highest common factor of 32 and 2848.
32
What is the greatest common divisor of 25 and 425?
25
Calculate the highest common divisor of 4731 and 4233.
249
What is the greatest common factor of 15 and 35?
5
Calculate the greatest common divisor of 64 and 432.
16
What is the highest common divisor of 120 and 10350?
30
What is the greatest common factor of 10716 and 141?
141
Calculate the highest common factor of 156 and 10452.
156
What is the highest common factor of 4 and 7?
1
What is the greatest common factor of 3895 and 323?
19
What is the highest common factor of 38 and 38?
38
Calculate the highest common divisor of 44 and 209.
11
Calculate the greatest common factor of 6806 and 410.
82
What is the greatest common factor of 72 and 348?
12
Calculate the highest common factor of 2190 and 12.
6
Calculate the greatest common factor of 315 and 2940.
105
Calculate the highest common factor of 899 and 1116.
31
What is the highest common factor of 770 and 350?
70
What is the greatest common factor of 13 and 181584?
13
What is the greatest common divisor of 147 and 21?
21
Calculate the highest common factor of 50 and 35050.
50
What is the highest common divisor of 99 and 54?
9
What is the greatest common divisor of 153 and 68?
17
Calculate the highest common factor of 559 and 143.
13
Calculate the highest common divisor of 11 and 803.
11
Calculate the highest common divisor of 1862 and 84.
14
What is the greatest common divisor of 1764 and 108?
36
Calculate the highest common factor of 182 and 266.
14
Calculate the highest common factor of 154 and 91.
7
What is the greatest common divisor of 9 and 549?
9
What is the greatest common factor of 36 and 9948?
12
What is the greatest common factor of 343 and 21?
7
What is the highest common factor of 272 and 476?
68
Calculate the greatest common factor of 385 and 70.
35
What is the greatest common divisor of 38 and 418?
38
Calculate the greatest common factor of 52 and 2444.
52
Calculate the greatest common factor of 25 and 65.
5
What is the greatest common factor of 80 and 205?
5
What is the greatest common divisor of 2061 and 27?
9
What is the highest common factor of 14 and 98?
14
What is the highest common divisor of 2504 and 32?
8
What is the greatest common factor of 1071 and 63?
63
What is the greatest common divisor of 10 and 10?
10
Calculate the highest common factor of 47 and 893.
47
What is the highest common divisor of 185 and 74?
37
Calculate the highest common divisor of 3924 and 2398.
218
What is the greatest common factor of 2360 and 118?
118
What is the greatest common divisor of 38 and 5054?
38
What is the highest common factor of 135 and 1395?
45
What is the highest common factor of 1134 and 42?
42
What is the highest common factor of 99 and 171?
9
What is the greatest common factor of 19 and 76?
19
What is the greatest common divisor of 66 and 12?
6
Calculate the greatest common divisor of 1349 and 38.
19
What is the highest common factor of 50 and 20?
10
What is the highest common factor of 483 and 46?
23
Calculate the greatest common factor of 6152 and 8.
8
Calculate the highest common divisor of 259 and 37.
37
What is the greatest common divisor of 2968 and 6307?
371
What is the greatest common factor of 3 and 2787?
3
What is the greatest common factor of 860 and 50?
10
What is the greatest common factor of 9 and 13860?
9
What is the highest common divisor of 105 and 1350?
15
What is the highest common factor of 14 and 203?
7
Calculate the highest common divisor of 135946 and 202.
202
Calculate the greatest common factor of 26 and 110.
2
Calculate the highest common divisor of 481 and 37.
37
What is the greatest common factor of 1080 and 600?
120
Calculate the highest common factor of 99 and 4554.
99
Calculate the greatest common divisor of 48 and 48.
48
Calculate the highest common factor of 10 and 14810.
10
What is the highest common divisor of 46 and 46?
46
Calculate the highest common divisor of 32 and 3104.
32
Calculate the greatest common factor of 736 and 2300.
92
What is the highest common factor of 10 and 26?
2
What is the greatest common factor of 42 and 525?
21
Calculate the greatest common factor of 10 and 4190.
10
What is the highest common factor of 70 and 45010?
70
Calculate the greatest common divisor of 627 and 132.
33
Calculate the highest common divisor of 80 and 340.
20
Calculate the greatest common divisor of 80 and 176.
16
What is the highest common divisor of 770 and 280?
70
Calculate the greatest common factor of 77 and 2189.
11
Calculate the greatest common factor of 110 and 22.
22
Calculate the highest common factor of 3 and 399.
3
What is the greatest common divisor of 3149 and 188?
47
What is the highest common divisor of 119 and 28?
7
What is the highest common factor of 221 and 51?
17
Calculate the greatest common factor of 28 and 602.
14
What is the highest common factor of 60 and 620?
20
What is the highest common factor of 1419 and 264?
33
What is the greatest common divisor of 7 and 2968?
7
Calculate the greatest common divisor of 276 and 48.
12
What is the highest common factor of 9 and 153?
9
What is the greatest common divisor of 14 and 6?
2
Calculate the highest common factor of 33 and 1111.
11
Calculate the highest common divisor of 964 and 4.
4
What is the highest common divisor of 26 and 4082?
26
Calculate the greatest common divisor of 901 and 371.
53
Calculate the greatest common factor of 294 and 24.
6
What is the highest common divisor of 1168 and 128?
16
What is the highest common factor of 279 and 9?
9
Calculate the highest common divisor of 4806 and 356.
178
What is the greatest common factor of 6 and 87?
3
What is the greatest common factor of 40 and 1090?
10
What is the greatest common divisor of 3154 and 332?
166
Calculate the greatest common divisor of 1132 and 4.
4
Calculate the highest common divisor of 11 and 352.
11
Calculate the highest common divisor of 144 and 168.
24
What is the greatest common factor of 8816 and 32?
16
Calculate the greatest common divisor of 24 and 72.
24
What is the highest common divisor of 451 and 41?
41
What is the greatest common divisor of 299 and 2484?
23
What is the highest common divisor of 637 and 7?
7
Calculate the highest common divisor of 14 and 90.
2
Calculate the greatest common divisor of 23 and 2921.
23
Calculate the greatest common divisor of 10761 and 204.
51
Calculate the highest common divisor of 19 and 7999.
19
What is the greatest common divisor of 55428 and 372?
372
Calculate the highest common divisor of 414 and 6.
6
What is the greatest common factor of 477 and 106?
53
What is the greatest common factor of 7 and 4627?
7
Calculate the greatest common factor of 645 and 30.
15
What is the highest common divisor of 2984 and 16?
8
Calculate the highest common divisor of 135 and 1161.
27
Calculate the highest common factor of 882 and 490.
98
Calculate the greatest common factor of 16 and 456.
8
Calculate the highest common divisor of 140 and 1000.
20
What is the highest common divisor of 828 and 108?
36
Calculate the highest common factor of 33 and 1980.
33
Calculate the greatest common divisor of 138 and 713.
23
What is the greatest common divisor of 58545 and 45?
45
Calculate the greatest common factor of 48 and 384.
48
Calculate the greatest common factor of 96 and 64.
32
What is the highest common divisor of 792 and 108?
36
Calculate the highest common factor of 3 and 123.
3
What is the greatest common factor of 196 and 287?
7
What is the greatest common divisor of 1339 and 13?
13
What is the hig